d by 36?
30
Calculate the remainder when 2186 is divided by 435.
11
What is the remainder when 53780 is divided by 72?
68
Calculate the remainder when 12832 is divided by 1414.
106
Calculate the remainder when 91744 is divided by 45830.
84
What is the remainder when 188174 is divided by 76?
74
What is the remainder when 58601 is divided by 35?
11
What is the remainder when 60564 is divided by 36?
12
What is the remainder when 12720 is divided by 107?
94
Calculate the remainder when 1936220 is divided by 7.
6
Calculate the remainder when 950868 is divided by 164.
160
Calculate the remainder when 2358 is divided by 257.
45
Calculate the remainder when 1125 is divided by 28.
5
What is the remainder when 166558 is divided by 259?
21
Calculate the remainder when 4193 is divided by 467.
457
Calculate the remainder when 42203 is divided by 391.
366
Calculate the remainder when 560 is divided by 525.
35
Calculate the remainder when 7441 is divided by 162.
151
What is the remainder when 714377 is divided by 151?
147
What is the remainder when 10471 is divided by 403?
396
Calculate the remainder when 4119 is divided by 371.
38
What is the remainder when 23121 is divided by 11554?
13
What is the remainder when 13854 is divided by 6814?
226
Calculate the remainder when 6210 is divided by 581.
400
Calculate the remainder when 257970 is divided by 1954.
42
Calculate the remainder when 16174 is divided by 14.
4
What is the remainder when 4893 is divided by 136?
133
Calculate the remainder when 1017 is divided by 106.
63
What is the remainder when 5256 is divided by 48?
24
Calculate the remainder when 33066 is divided by 3.
0
Calculate the remainder when 7099 is divided by 610.
389
What is the remainder when 164016 is divided by 524?
4
Calculate the remainder when 246437 is divided by 305.
302
What is the remainder when 135893 is divided by 114?
5
What is the remainder when 605571 is divided by 201838?
57
What is the remainder when 2187582 is divided by 38?
36
What is the remainder when 933 is divided by 931?
2
What is the remainder when 21839 is divided by 78?
77
What is the remainder when 31817 is divided by 241?
5
Calculate the remainder when 58868 is divided by 101.
86
Calculate the remainder when 502052 is divided by 19.
15
Calculate the remainder when 312 is divided by 137.
38
Calculate the remainder when 91600 is divided by 591.
586
What is the remainder when 8374 is divided by 66?
58
What is the remainder when 19517 is divided by 9718?
81
Calculate the remainder when 41397 is divided by 387.
375
What is the remainder when 821 is divided by 350?
121
What is the remainder when 22254 is divided by 73?
62
What is the remainder when 7288 is divided by 82?
72
Calculate the remainder when 47356 is divided by 256.
252
Calculate the remainder when 86458 is divided by 11.
9
Calculate the remainder when 1783 is divided by 47.
44
What is the remainder when 4124962 is divided by 834?
832
What is the remainder when 540 is divided by 84?
36
Calculate the remainder when 10388 is divided by 152.
52
Calculate the remainder when 30814 is divided by 92.
86
What is the remainder when 2713 is divided by 118?
117
Calculate the remainder when 2513279 is divided by 77.
76
What is the remainder when 7351 is divided by 1214?
67
What is the remainder when 26040 is divided by 241?
12
Calculate the remainder when 92607 is divided by 26.
21
What is the remainder when 28565 is divided by 5708?
25
What is the remainder when 7187 is divided by 82?
53
What is the remainder when 20181 is divided by 5043?
9
Calculate the remainder when 9869 is divided by 348.
125
What is the remainder when 7074 is divided by 24?
18
What is the remainder when 5995 is divided by 33?
22
What is the remainder when 13519 is divided by 193?
9
Calculate the remainder when 104252 is divided by 247.
18
What is the remainder when 7382 is divided by 121?
1
Calculate the remainder when 152761 is divided by 34.
33
Calculate the remainder when 9860 is divided by 105.
95
Calculate the remainder when 81617 is divided by 22.
19
What is the remainder when 100112 is divided by 108?
104
Calculate the remainder when 32758 is divided by 16375.
8
Calculate the remainder when 102802 is divided by 145.
142
Calculate the remainder when 105525 is divided by 38.
37
What is the remainder when 897 is divided by 196?
113
What is the remainder when 77986 is divided by 97?
95
Calculate the remainder when 1120 is divided by 196.
140
What is the remainder when 7519 is divided by 93?
79
Calculate the remainder when 28640 is divided by 1480.
520
Calculate the remainder when 60557 is divided by 15136.
13
What is the remainder when 1275 is divided by 56?
43
What is the remainder when 188390 is divided by 522?
470
What is the remainder when 243305 is divided by 3743?
10
Calculate the remainder when 2344 is divided by 1959.
385
What is the remainder when 63635 is divided by 94?
91
Calculate the remainder when 2722 is divided by 671.
38
Calculate the remainder when 13927 is divided by 284.
11
Calculate the remainder when 145356 is divided by 3028.
12
Calculate the remainder when 22306 is divided by 44.
42
Calculate the remainder when 16074 is divided by 3987.
126
What is the remainder when 143734 is divided by 106?
104
What is the remainder when 10143 is divided by 5064?
15
What is the remainder when 316 is divided by 315?
1
What is the remainder when 282 is divided by 60?
42
What is the remainder when 2741 is divided by 197?
180
Calculate the remainder when 12163 is divided by 2025.
13
What is the remainder when 12402 is divided by 1033?
6
Calculate the remainder when 310523 is divided by 226.
225
What is the remainder when 55281 is divided by 31?
8
What is the remainder when 170829 is divided by 591?
30
What is the remainder when 33005 is divided by 10996?
17
What is the remainder when 159890 is divided by 89?
46
Calculate the remainder when 2793 is divided by 24.
9
What is the remainder when 60817 is divided by 54?
13
What is the remainder when 4116 is divided by 1258?
342
Calculate the remainder when 1995508 is divided by 330.
328
What is the remainder when 4381 is divided by 437?
11
What is the remainder when 381922 is divided by 127301?
19
What is the remainder when 29623 is divided by 46?
45
Calculate the remainder when 70853 is divided by 2951.
29
Calculate the remainder when 77164 is divided by 167.
10
What is the remainder when 3840 is divided by 1257?
69
Calculate the remainder when 6834 is divided by 6762.
72
What is the remainder when 37697 is divided by 37689?
8
What is the remainder when 40155 is divided by 1075?
380
Calculate the remainder when 3115 is divided by 1550.
15
What is the remainder when 126079 is divided by 532?
527
Calculate the remainder when 11287409 is divided by 159.
158
Calculate the remainder when 5233 is divided by 70.
53
What is the remainder when 391246 is divided by 16?
14
Calculate the remainder when 115597 is divided by 425.
422
Calculate the remainder when 5538 is divided by 764.
190
Calculate the remainder when 532 is divided by 69.
49
Calculate the remainder when 36403 is divided by 911.
874
What is the remainder when 62888 is divided by 10470?
68
What is the remainder when 249 is divided by 4?
1
Calculate the remainder when 173401 is divided by 35.
11
What is the remainder when 5153 is divided by 110?
93
What is the remainder when 2814 is divided by 698?
22
Calculate the remainder when 178549 is divided by 44.
41
Calculate the remainder when 2734 is divided by 328.
110
Calculate the remainder when 5425 is divided by 242.
101
Calculate the remainder when 225260 is divided by 912.
908
What is the remainder when 2478 is divided by 933?
612
Calculate the remainder when 4949 is divided by 6.
5
Calculate the remainder when 99253 is divided by 2837.
2795
Calculate the remainder when 1844 is divided by 62.
46
What is the remainder when 16223 is divided by 1799?
32
Calculate the remainder when 1315624 is divided by 12.
4
Calculate the remainder when 20090 is divided by 15.
5
What is the remainder when 203444 is divided by 392?
388
What is the remainder when 92350 is divided by 74?
72
Calculate the remainder when 15377 is divided by 5110.
47
What is the remainder when 212560 is divided by 723?
721
What is 